 n be k(3). Let v = 236 + n. Suppose 0 = 3*m + 2*m - 80. What is the highest common divisor of v and m?
16
Suppose 3*r - 215 = -179. Let j be (-2)/9 - (-418)/99. Suppose j*o - r = o. Calculate the greatest common divisor of 16 and o.
4
Let n be (0/1)/(-2) + 25. Let c be 15/45 - (1 + (-33)/9). Let b(z) = 105*z - 65. Let k be b(c). Calculate the greatest common factor of n and k.
25
Suppose 0 = -64*j + 223073 - 27233. Calculate the greatest common divisor of j and 3420.
180
Suppose 712*c = 780392 + 885688. Calculate the greatest common factor of c and 2880.
180
Let o = 2 - -14. Suppose u + 5*q - 7 = 0, -1 = 5*u + 2*q - 13. Calculate the greatest common divisor of o and u.
2
Let x = 1764 - 1621. Calculate the highest common factor of 52 and x.
13
Let b = -7740 + 7807. What is the greatest common factor of b and 6901?
67
Let c be 1 - -1 - (-468)/6. Suppose -5*a + 32*f - 30*f + 362 = 0, 2*f = 4*a - 292. What is the highest common divisor of c and a?
10
Let i(n) = -14*n + 1. Let o be i(-1). Suppose -3*c + 89 - 20 = -3*b, -17 = b - 4*c. Let w = 35 - b. What is the highest common divisor of w and o?
15
Let x(l) = -9*l**3 - 9*l**2 + 139*l + 865. Let n be x(-6). What is the greatest common divisor of 91 and n?
13
Suppose 3*j + 0 = 33 + 3. What is the highest common divisor of 348 and j?
12
Suppose -4*q + 5 = 1, -109 = -3*n - q. Let v = 346 + -274. Calculate the highest common divisor of v and n.
36
Suppose 38729 = 3*a - y, 2*a = -78*y + 79*y + 25819. Calculate the greatest common divisor of 30 and a.
10
Let r = 17964 + -17354. Calculate the highest common divisor of 210 and r.
10
Let d = -1978 - -2673. Calculate the highest common factor of d and 417.
139
Let w(z) = -z**3 + 102*z**2 - 396*z + 23. Let y be w(4). Suppose -4*v + 236 + 408 = 0. Calculate the highest common divisor of y and v.
7
Let p = 24353 - 24343. What is the highest common factor of 4985 and p?
5
Let w be ((-2)/(-6))/((-4)/(-216)). Let q be ((-33)/w + 1)/((-2)/12). Suppose -21 + 186 = q*x. What is the highest common factor of x and 231?
33
Suppose -5*j - 59 = 2*c, 4*j - j = -5*c - 119. Let n = c + -30. Let d be (-8)/n + 126/26. Calculate the highest common divisor of 35 and d.
5
Suppose -375208 = -135*p - 105748. Calculate the highest common factor of p and 4.
4
Suppose -p = 3*s - 84, -153 - 15 = -2*p + s. Suppose 0 = 2*l + l - 2*v - 63, -4*l + p = 4*v. Calculate the highest common factor of l and 49.
7
Suppose s - 274 = -t + 39, 5*s + t = 1569. Suppose 0 = -10*o + 166 + s. Suppose v + 3 = 4*v, -5*u + 25 = -5*v. What is the highest common factor of u and o?
6
Let n be 1 + 1 + (-207 - -218). Suppose 5*s = -8*i + 3*i - 15, -s - 7 = -i. What is the highest common factor of n and i?
1
Let w be 1906/34 - (1751/289 + -6). Calculate the highest common divisor of w and 41384.
56
Let k(q) = -429*q + 2181. Let x be k(5). Calculate the highest common factor of x and 1476.
36
Suppose 11194*y = 11191*y + 228. What is the greatest common divisor of y and 32?
4
Suppose -4*u + 180 = -4*x, -8219*x + 215 = 5*u - 8222*x. Let t(s) = -s**2 + 72. Let p be t(0). What is the greatest common divisor of u and p?
8
Suppose 77 = 23*f - 130. Suppose 0 = f*c - 257 - 283. What is the greatest common factor of 12 and c?
12
Let z = 1274 + -1266. Suppose -t - t - g + 140 = 0, 0 = 5*t - 4*g - 376. Calculate the greatest common divisor of t and z.
8
Let m = -154 + 525. Suppose -f + 4*y + m = -212, 4*y = 20. What is the greatest common factor of f and 67?
67
Let l be (2/(-11) - 111888/264)*1. Let w = l + 440. What is the greatest common factor of 320 and w?
16
Let d(m) = 229 + m**2 - 509 + 9*m + 100. Let h be d(-28). Calculate the greatest common factor of h and 44.
44
Let i = 28 - 14. Let w = -22 + 14. Let z be 20/6*-126*w/30. Calculate the highest common divisor of i and z.
14
Let b(o) = -o**2 - 40*o - 348. Let l be b(-22). What is the highest common factor of 384 and l?
48
Suppose 11*g + 1024 = 7*g. Let o = -126 - g. Let x be (-104)/(-6)*(-12)/(-8). Calculate the greatest common factor of x and o.
26
Let p(n) = -26*n + 916. Let v be p(6). What is the greatest common factor of 40 and v?
40
Let o(b) = 4*b**2 + 19*b - 31. Suppose 4*t + 7 = -5*y - 44, -t = 5*y + 39. Let s be o(y). Let u = 28 - -52. What is the greatest common factor of u and s?
16
Suppose -11*a + 34 - 1 = -77. What is the highest common factor of a and 7330?
10
Suppose 2776*v - 2112 = 2760*v. Calculate the greatest common divisor of 198 and v.
66
Suppose 6 = -3*p, 5*p = -2*h + 2*p + 14. Suppose 247 - h = -3*x. Let s = x - -107. What is the greatest common divisor of s and 28?
28
Suppose -5*x - 76 = 22*s - 21*s, -4*x - 86 = -2*s. Let r be (-2)/(-8) - 611/(-4). What is the greatest common factor of s and r?
9
Let v(c) = 557*c + 542. Let l be v(10). What is the highest common divisor of 32 and l?
32
Let h be -4 + -3*(-14)/(-6)*-1. Suppose -3*d = -2*o + 57, 89 = h*o - 2*d + 6. What is the greatest common factor of 36 and o?
9
Let m = 385 + -77. Let s be (-5)/(-55) + 7/(m/30664). Calculate the highest common divisor of s and 41.
41
Suppose c + 7 = 0, 77*c = 7*g + 79*c - 196. What is the greatest common divisor of 54 and g?
6
Let q = 2894 + -2867. What is the greatest common factor of q and 219?
3
Let p(v) = -16*v - 2. Let m be p(-2). Let c = 427 - 422. Suppose a - u - 74 = 0, c*u = 5*a + 7*u - 377. What is the highest common divisor of m and a?
15
Let p = 748 - -885. Suppose 16*j - 511 = p. Calculate the highest common factor of j and 469.
67
Let c be (0 + 2/(-4))*(-11 - 13). Suppose 1350 + 1410 = c*k. Calculate the highest common factor of 10 and k.
10
Let m = -15097 + 15099. Calculate the highest common factor of m and 766.
2
Let t(z) = z + 48. Let u be t(-16). Let o be (-312)/(-5 + 5 + 3/(-2)). What is the greatest common divisor of u and o?
16
Suppose h + x = 1 + 3, 36 = 5*h - 3*x. Let a(c) = -13*c - 58. Let f be a(20). Let d = 333 + f. Calculate the highest common divisor of d and h.
3
Let l(w) = -w**3 - 4*w**2 + 2*w + 3. Let s be l(-4). Let c be (-16 - 1)*(-10 - s). What is the highest common divisor of c and 51?
17
Let o be -7 - -6 - 184/(-2). Let x be (-3)/(-24)*104*1. Calculate the highest common divisor of x and o.
13
Let c(t) = -t**2 + 12*t. Let k be 2*(-4 + 3) - -2 - -7. Let f be c(k). Suppose 0 = 8*o - f - 13. What is the greatest common factor of 9 and o?
3
Let r(u) = -25*u - 38. Let g be r(10). Let s = g + 354. What is the highest common divisor of 121 and s?
11
Let k(x) = -x**2 - 43*x + 370. Let s be k(-50). What is the highest common divisor of 1060 and s?
20
Suppose 0 = -36*i - 10*i + 733838. What is the greatest common divisor of 53 and i?
53
Suppose -16*j - 540 = -k - 18*j, -2*k - 5*j + 1075 = 0. Calculate the highest common factor of 250 and k.
50
Suppose 3 = -7*d + 8*d. Let z be 8/d - (-8)/(-12). Suppose -3*l + 6*y - z*y = -76, 0 = -3*y + 15. Calculate the highest common factor of 4 and l.
4
Suppose 32*d - 33*d - 6*h - 59 = 0, d + h = 1. Suppose -5*j + 715 = -0*j. Calculate the greatest common factor of j and d.
13
Suppose x + 27*a + 12 = 29*a, -5*x = -3*a + 74. Let h be -3 - (-11)/((-44)/x). What is the highest common divisor of 8 and h?
1
Suppose 4*g = 3530 - 1418. What is the greatest common divisor of 336 and g?
48
Let k = -84 + 15. Let j be (-23)/k*0/1. Suppose j = 4*l - m - 81, 5*l - 2*m - 62 = 2*l. Calculate the greatest common factor of 50 and l.
10
Let f(r) = 55*r - 43. Let w be f(1). Let q(p) = p**3 - 9*p**2 - 8*p + 16. Let l be q(10). Calculate the greatest common divisor of l and w.
12
Suppose 25*i = 27*i - 4*s - 2744, -i - 5*s = -1386. What is the greatest common factor of i and 160?
32
Suppose 4*h - 3 = -n, 8*n - 9*n = -2*h + 3. Let k = 6 + -10. Let q be (5 + k + 17)*h/3. Calculate the highest common divisor of q and 42.
6
Suppose 24*f = 11541 + 19083. What is the greatest common factor of 464 and f?
116
Suppose 3*t = 2*d - 137 + 4, 0 = 2*t + 2*d + 82. Let k be (1204/t)/(4/(-14)). Calculate the greatest common divisor of k and 196.
98
Let r(i) = -i**3 + 16*i**2 - 14*i - 7. Let d be r(15). Suppose -10*t + d*t = 0. Let l be 2 - -20 - (-2 + t). Calculate the greatest common divisor of l and 36.
12
Let r(n) = -n**3 + 4*n**2 + 8*n - 1. Let q be r(5). Suppose 0 = 3*s - 5 + q. Let k be 23 - s/((-3)/4). Calculate the highest comm